{"id":41,"date":"2015-05-19T18:25:20","date_gmt":"2015-05-19T16:25:20","guid":{"rendered":"http:\/\/architektur-kiener.purespace.eu\/cms\/?page_id=41"},"modified":"2016-01-11T13:18:18","modified_gmt":"2016-01-11T12:18:18","slug":"standort","status":"publish","type":"page","link":"http:\/\/www.architektur-kiener.at\/cms\/standort\/","title":{"rendered":"Standort"},"content":{"rendered":"<div><script defer='defer' type='text\/javascript' src='https:\/\/www.wien.gv.at\/stadtplan\/ApiGetViennaGisMap.ctrl?containerWidth=680&amp;containerHeight=500&amp;centerContainer=1&amp;lang=de&amp;bookmark=YWdMRiEeF0bC6rNEIQB-aRHBTphlRclWlsEnApcCZah65bm-cqx2DqKw-b-b&amp;bmadr=10070813'><\/script><\/div>\n<p>Bitte beachten Sie die Kurzparkzone sowie die zahlreichen Halte- und Parkverbote (Anrainerparkpl\u00e4tze (blaue Streifen in der Karte), Lieferzonen, Hauseinfahrten, &#8230;.) in unserer Umgebung. Eine Anreise mit \u00f6ffentlichen Verkehrsmitteln oder die Ben\u00fctzung eines der umliegenden Parkh\u00e4user wird empfohlen.<\/p>\n","protected":false},"excerpt":{"rendered":"<p>Bitte beachten Sie die Kurzparkzone sowie die zahlreichen Halte- und Parkverbote (Anrainerparkpl\u00e4tze (blaue Streifen in der&hellip;<\/p>\n","protected":false},"author":1,"featured_media":0,"parent":0,"menu_order":0,"comment_status":"closed","ping_status":"closed","template":"","meta":[],"_links":{"self":[{"href":"http:\/\/www.architektur-kiener.at\/cms\/wp-json\/wp\/v2\/pages\/41"}],"collection":[{"href":"http:\/\/www.architektur-kiener.at\/cms\/wp-json\/wp\/v2\/pages"}],"about":[{"href":"http:\/\/www.architektur-kiener.at\/cms\/wp-json\/wp\/v2\/types\/page"}],"author":[{"embeddable":true,"href":"http:\/\/www.architektur-kiener.at\/cms\/wp-json\/wp\/v2\/users\/1"}],"replies":[{"embeddable":true,"href":"http:\/\/www.architektur-kiener.at\/cms\/wp-json\/wp\/v2\/comments?post=41"}],"version-history":[{"count":16,"href":"http:\/\/www.architektur-kiener.at\/cms\/wp-json\/wp\/v2\/pages\/41\/revisions"}],"predecessor-version":[{"id":2183,"href":"http:\/\/www.architektur-kiener.at\/cms\/wp-json\/wp\/v2\/pages\/41\/revisions\/2183"}],"wp:attachment":[{"href":"http:\/\/www.architektur-kiener.at\/cms\/wp-json\/wp\/v2\/media?parent=41"}],"curies":[{"name":"wp","href":"https:\/\/api.w.org\/{rel}","templated":true}]}}

<div><script defer='defer' type='text/javascript' src='https://www.wien.gv.at/stadtplan/ApiGetViennaGisMap.ctrl?containerWidth=680&amp;containerHeight=500&amp;centerContainer=1&amp;lang=de&amp;bookmark=YWdMRiEeF0bC6rNEIQB-aRHBTphlRclWlsEnApcCZah65bm-cqx2DqKw-b-b&amp;bmadr=10070813'></script></div>
<p>Bitte beachten Sie die Kurzparkzone sowie die zahlreichen Halte- und Parkverbote (Anrainerparkplätze (blaue Streifen in der Karte), Lieferzonen, Hauseinfahrten, &#8230;.) in unserer Umgebung. Eine Anreise mit öffentlichen Verkehrsmitteln oder die Benützung eines der umliegenden Parkhäuser wird empfohlen.</p>

<p>Bitte beachten Sie die Kurzparkzone sowie die zahlreichen Halte- und Parkverbote (Anrainerparkplätze (blaue Streifen in der&hellip;</p>
